 1. What is the highest common factor of p and 63?
7
Let n(g) = -g - 14. Let l be n(-8). Let x = -16 + l. Let p = -14 - x. Calculate the greatest common factor of p and 32.
8
Let c = 80 + -31. What is the greatest common factor of 196 and c?
49
Suppose 5*j = -5*i + 65, 2*j = -j + 4*i + 53. What is the highest common factor of 15 and j?
15
Suppose -4*t - t = 355. Let b = -29 - t. Let o = 16 - 2. What is the greatest common factor of b and o?
14
Let y(u) = u + 1. Let w be y(2). Let a be w + (0 + -19 - 2). Let m be 7/9 + (-4)/a. Calculate the greatest common factor of m and 11.
1
Let u be (-114 + -6)*4/(-10). Suppose t + 2*t = u. Calculate the highest common divisor of 64 and t.
16
Suppose 0 = 5*z + 2*v - 134 - 86, 0 = z + 4*v - 44. Calculate the greatest common factor of z and 110.
22
Let k(v) = v - 3. Let a be k(6). Let n be a*201/18*2. Let i = n - 27. What is the greatest common factor of i and 8?
8
Let g(t) = -t**2 + 5*t - 1. Let d be g(4). Suppose 2 = 3*l + 2*u - d, l = -4*u - 5. Calculate the greatest common divisor of l and 12.
3
Let b(j) = -j**2 - 5*j - 3. Let h be b(-5). Let s = h + 38. Let o be 6 - (2 - 5 - -4). What is the greatest common factor of s and o?
5
Suppose -x - 5*w = -170, 0*x = -4*x + 2*w + 702. What is the highest common divisor of 25 and x?
25
Suppose -9*l = -10*l + 5. Suppose -a - 4 = 3*a. Let c = l - a. What is the highest common divisor of 24 and c?
6
Suppose -5*f - 2*k + 88 = 0, -f + 0 = 2*k - 16. Suppose -31 = -4*a - 5*l, 7*a = 2*a + 4*l + 49. Calculate the greatest common divisor of f and a.
9
Let r = -114 + 169. Let s = 48 + -26. Calculate the highest common factor of r and s.
11
Let r = 124 - 71. Suppose -r - 376 = -3*a. Calculate the highest common divisor of a and 13.
13
Let m be (1/(-4) + -2)*-8. Suppose 20*y = m*y + 114. Calculate the highest common divisor of 19 and y.
19
Let n be (2 + -3)/((-2)/48). Calculate the greatest common divisor of 264 and n.
24
Let f(t) = -2*t**2 + 25*t - 14. Let j(v) = -v**2 + 13*v - 7. Let g(w) = 3*f(w) - 5*j(w). Let c be g(5). What is the greatest common factor of 12 and c?
6
Let z = -387 - -590. Calculate the greatest common factor of z and 29.
29
Let r(f) = 5*f**2 + f + 1. Let a be r(-1). What is the highest common factor of a and 15?
5
Let l be -3 - (-2 - -1) - 71. Let t = 226 + l. What is the greatest common factor of 17 and t?
17
Let i = -11 + 22. Suppose x - i = 25. Calculate the highest common divisor of 12 and x.
12
Let d be (-384)/(-28) - 16/(-56). What is the highest common divisor of d and 84?
14
Let o(t) = t**2 + 5*t + 3. Let s be o(-5). Let a(j) = 31*j - 2. Let b be a(s). Let k = -22 - -35. What is the highest common factor of k and b?
13
Let y be 30/(-8)*(-80)/30. Calculate the highest common divisor of 10 and y.
10
Suppose -119 + 7 = -8*q. Calculate the highest common divisor of q and 28.
14
Let u = -30 - 2. Let c = 59 + u. What is the highest common divisor of c and 27?
27
Let d = 11 + -6. Suppose 2*v = -4*p + 92, 2*p - 1 = p + d*v. What is the highest common divisor of 3 and p?
3
Let w be 20/(-3)*108/(-45). What is the highest common divisor of 304 and w?
16
Suppose -5*f - 111 = 2*i, -f + 0*i = 3*i + 17. Let q be (f + 1)*4/(-8). Calculate the greatest common factor of q and 22.
11
Let l be (12 + -7)*(0 - -1 - 0). Calculate the greatest common factor of l and 40.
5
Let s be 3 + 1 + 1 - 3. Let b be 2/(2/160*s). Suppose b = -3*t + 7*t. What is the greatest common divisor of 50 and t?
10
Let z be (6 + -7)/(2/(-70)). Calculate the highest common factor of z and 14.
7
Let k = 11 - -1. Calculate the greatest common factor of 30 and k.
6
Let u = 293 + -287. Let o be -33*4*(-1)/2. What is the highest common divisor of u and o?
6
Suppose -3*q + 5*a + 23 = -12, 4*q = -3*a + 37. What is the highest common divisor of 45 and q?
5
Let x = -44 + 66. Suppose -d + 4 = 2*k - 3, -d + x = 5*k. Suppose -k*t + 186 = 36. Calculate the highest common divisor of 6 and t.
6
Let a be 7 - ((4 - 3) + 2). Suppose 0 = a*g, -35 = -3*q + 2*q - g. What is the highest common divisor of 5 and q?
5
Suppose 0 = -4*j + 10 + 6. Suppose 3*n - n = -j. Let r be n + (0 + 0 - -10). Calculate the greatest common divisor of r and 2.
2
Let j(o) = o**2 - o. Let x(c) = -15*c + 1 + 1 - 4 + 5*c**2. Let l(b) = -6*j(b) + x(b). Let y be l(-7). What is the highest common divisor of y and 30?
6
Suppose 2*z - 180 = 5*x, -5*x = -x. Calculate the greatest common factor of 10 and z.
10
Suppose -5*z - n + 61 = 0, -5*n - 40 - 6 = -2*z. Let s = z + -8. Suppose 3*v = -s*b + 24, b - 3 = -v + 1. What is the highest common factor of b and 30?
6
Let o = -15 + 25. Let k be (-1)/(-2)*(2 + 218). Calculate the greatest common factor of k and o.
10
Suppose c = -i + 4, -c = 2*i + 2 - 1. Let f(m) = -2*m**2 + 5*m + 4. Let z be f(3). What is the highest common divisor of z and c?
1
Let y be (-2)/4 - (-29)/2. Let j be (-774)/(-22) - 4/22. Calculate the highest common divisor of j and y.
7
Suppose -g - 4*c = 2*g - 86, 4*c = -g + 26. Calculate the greatest common divisor of g and 15.
15
Suppose -5*h = i - 110 - 33, -5*h + 152 = 4*i. Let r = 13 - 6. Calculate the greatest common factor of h and r.
7
Let n(g) = -g**2 - 12*g - 1. Let x be n(-5). Suppose x = 5*k - 26. Calculate the highest common divisor of 48 and k.
12
Suppose n = 6*n - 210. Suppose -2*a - 2*s + s = -n, 3*a - 63 = 3*s. What is the greatest common factor of 7 and a?
7
Suppose -2*z + w - 5*w = -56, -w = -3*z + 91. Let b be 0/(0 + -4) + z. Suppose 2*v = -0*v + 90. What is the greatest common divisor of b and v?
15
Suppose -v + 5 = -3. Let s = 260 + -172. Calculate the highest common divisor of v and s.
8
Let w be 19/((-5)/(-10) - (-1)/2). Calculate the highest common divisor of 38 and w.
19
Let b be -932 + 1*(-6)/2. Let g be (-4)/(-6) - b/15. What is the highest common factor of 9 and g?
9
Suppose -75 = -3*d + 2*f, -48 = -2*d + 4*f - 2*f. Suppose 0*l - l - 10 = 4*t, -4*t = -5*l + 22. Let r = 5 - l. Calculate the greatest common divisor of d and r.
3
Let s(w) = -w**2 - 26*w + 14. Let m be s(-12). Calculate the highest common divisor of m and 13.
13
Suppose 2*q + 2*q = 36. What is the greatest common divisor of q and 9?
9
Let r be (33 - 1) + (4 - 8). Calculate the greatest common divisor of r and 4.
4
Suppose 3*z + 40 = 7*z. Calculate the greatest common divisor of 20 and z.
10
Suppose -3*a - 88 = -7*a. What is the greatest common divisor of a and 22?
22
Suppose -5*j = -2*i + 30, -14 = 3*j - i + 4. Let d be (8/j)/((-6)/18). What is the greatest common factor of d and 2?
2
Let s be (3 + 3/3)*(53 + -1). What is the greatest common divisor of 26 and s?
26
Let a be (-168)/(-35)*5*4/3. Let u be 390/8 + (-3)/4. Calculate the highest common factor of a and u.
16
Let l(c) = -2*c**2 - 24*c - 16. Let x be l(-10). What is the greatest common divisor of 84 and x?
12
Suppose -j = -27 + 6. Let v(n) = 13*n - 2. Let b be v(5). What is the greatest common factor of b and j?
21
Let o = -17 - -11. Let v be (-466)/(-4) - 3/o. What is the highest common factor of v and 13?
13
Suppose 35 = 2*h - 1. Suppose 6*l - 3*l - h = 0. What is the highest common divisor of l and 6?
6
Let r be (6/8)/((-4)/48). Let n be (1*2)/(6/51). Let h = r + n. Calculate the highest common factor of 40 and h.
8
Let f be 1 + -1 + -8*1. Let n = f - -20. Calculate the greatest common factor of 3 and n.
3
Let h(s) = 19*s**2 + 2*s + 1. Let c be h(-1). Calculate the highest common factor of c and 36.
18
Let q be 111/6 - (-2)/(-4). What is the highest common divisor of q and 54?
18
Let q(v) = -v**2 + 16*v + 7. Let w(m) = 6*m**2 - 81*m - 34. Let u(d) = -11*q(d) - 2*w(d). Let g be u(-9). What is the highest common factor of g and 4?
4
Let h be ((-163)/(-3))/((-2)/(-6)). Suppose 0 = -2*b + 2, b + h = o - b. What is the greatest common divisor of 15 and o?
15
Suppose 2*l - 3 = 5. What is the greatest common divisor of 10 and l?
2
Suppose -4*p - 74 = -5*o, -5*p = -5*o + 2*o + 34. Let u be (1 - 3)/((-12)/72). What is the greatest common divisor of u and o?
6
Let a = 4 - -1. Suppose -a = -d + 15. Let v = -10 - -15. Calculate the greatest common factor of d and v.
5
Suppose 0 = -0*y - 3*y - 4*d + 49, 2*y - 33 = -3*d. Let a be (30/9)/(4/54). What is the greatest common divisor of y and a?
15
Let f(x) = x**2 - 3*x + 5. Let g be -1 + 4 + 4 + -3